 + 4079 - 1118. Let g = -356 - -887. Let d = g + f. Is d prime?
False
Suppose -3*s + 2*r = -138885, -2508*s - 4*r - 185168 = -2512*s. Is s composite?
False
Suppose -31*t + 131856 + 2632507 = 0. Is t a composite number?
True
Let p(k) = k**2 + 13*k + 7. Let b be p(-7). Let w = -33 - b. Suppose -74 = -w*y - 0. Is y composite?
False
Let s = -209759 + 296106. Suppose -7*g + s = -4254. Suppose -18*y + 61667 = -g. Is y a composite number?
True
Suppose 0 = 12*j - 50437 + 4741. Suppose 4*y - 5*y = 4*q - 3853, y - 5*q - j = 0. Is y composite?
False
Let s(b) = b**3 + b + 2. Suppose -2*l + 26 = -t + 3*l, 0 = -5*t - l. Let j be s(t). Suppose j = -3*m + 1028 + 4531. Is m composite?
True
Let f(d) = 741*d**3 - 2*d**2 + 12*d - 66. Is f(7) a composite number?
False
Let j be ((-34)/68)/((-1)/(-7568)*2). Suppose 2*q + 0*g - g - 936 = 0, -5*q + 2327 = 4*g. Let t = q - j. Is t prime?
False
Let f = -35 + 49. Is (-25557)/f*(-2)/3 composite?
False
Let a = 123900 + -73363. Is a a prime number?
False
Suppose -3*i + 36472 = 5*b, 0 = 54*i - 57*i + 3*b + 36432. Is i prime?
True
Is -18 + (-7 - -20) + (11854 - (1 + -3)) composite?
True
Suppose -4*n + 0*l + 122040 = 4*l, 30507 = n - 2*l. Suppose -2*m - 8*j + n = -9*j, -m + 3*j + 15262 = 0. Is m prime?
False
Let o(n) be the first derivative of -n**4/4 - 5*n**3/3 + 6*n**2 - 14*n - 38. Let l be o(-7). Suppose 5*g + 3*x - 1011 = l, -76 + 279 = g + x. Is g composite?
True
Suppose -100423 - 10709 = -2*r + 2*d, -222200 = -4*r - 4*d. Is r prime?
False
Is (3 - 47677)*-15 + 2*2/(-4) composite?
False
Let j(p) = 2*p**3 - 2*p**2 + 2*p + 2. Let f be j(2). Let n(q) be the first derivative of 69*q**2/2 + q - 52. Is n(f) prime?
True
Let g(r) = r**2 + 2*r - 3. Suppose -16 = 3*d + d + 3*t, 0 = 5*d - 2*t + 20. Let s be g(d). Is (-1)/s + 6942/10 a prime number?
False
Suppose 1466469 = 58*o - 372046 - 3081451. Is o prime?
True
Suppose -2*q + 20 = -5*p, 0 = p + 4*q - 4 + 30. Let b be 0 + -2 - (p + -1 - -1). Suppose 0 = b*l - 8016 - 8788. Is l a composite number?
False
Suppose j - 2*v - 633 = -0*j, 5*j = -2*v + 3177. Suppose 3*d = 18, -9*d = -s - 13*d + 28. Suppose -5*q + j = s*a + a, -5*a = -20. Is q a prime number?
False
Let m = -129505 + 217578. Is m a composite number?
True
Suppose -659 + 21239 = q. Suppose -4*w + 2812 + q = -i, -2*w = 3*i - 11710. Is w prime?
True
Let v be -2 + (-2 - (3 - 1)). Let u be ((-1610)/v)/(3/(-9)). Let p = -512 - u. Is p composite?
False
Suppose 0 = 5*l - a + 2 - 8, 0 = l - 5*a + 18. Suppose -10246 + 1546 = -4*h - o, -l*o - 8688 = -4*h. Is h composite?
True
Suppose -10527 = 7*y + 3879. Is (3 - (-13)/(-4)) + y/(-8) composite?
False
Suppose -13*f - 3360 - 31792 = 0. Is (f/2 + -2)*9/(-18) a composite number?
False
Is (16/24)/((-3)/637803)*-1 prime?
False
Is 2286650/30 - 16/(-12) composite?
True
Suppose -5*w + 105992 = -54423. Is w prime?
True
Suppose 62*u - 34697421 - 9328329 = -4496224. Is u composite?
False
Suppose 138 = 9*c - 69. Is -3*(-53)/3*c a prime number?
False
Suppose -6 + 24 = -4*i + 3*t, -t + 5 = -i. Let o be (-1)/(i/12) + 0 - 110. Let j = o - -307. Is j a prime number?
False
Let c(l) = 4*l**2 - 18*l + 13. Let j(v) = 8*v**2 - 37*v + 27. Let b(z) = 5*c(z) - 2*j(z). Let x be (-288)/(-1728) - (-91)/(-6). Is b(x) a prime number?
True
Let r be 2/1 + (-4 - (109 - 1)). Let p be (-9 + 12)*(1 - r). Suppose 4*o + 5*o = p. Is o a prime number?
True
Let i(c) = -3*c + 56. Let r be i(17). Suppose 7778 = 7*s + 21064. Is (r + s)*1/(-3) prime?
True
Is ((-47413977)/(-312))/(12/96) a composite number?
False
Let i(p) = 16*p + 9. Let k be i(-8). Is (-5 + k)*(-71)/4 + 2 prime?
True
Suppose v + 12 = 10. Let d be ((-12)/v)/(4/208). Suppose -x = -13*x + d. Is x composite?
True
Suppose 290*w - 413633 = -q + 286*w, -2*w - 1654406 = -4*q. Is q prime?
False
Let i be 4/(-18) + (-290)/(-90). Suppose i*o = b - 2957, o - 2*o - 8871 = -3*b. Suppose 3*y - 172 = b. Is y a composite number?
True
Suppose -4*x = x - 10. Let u be 8/x + (12 - 16). Suppose u = 2*m - d - 1081, m - 5*d + d - 537 = 0. Is m a composite number?
False
Suppose 21 + 7 = -4*l + 4*w, 0 = -4*l + 3*w - 23. Is (-2466)/(4 - 6) + l a composite number?
False
Is 351522/(-45)*(-5)/2 composite?
True
Let n(o) = 29*o**3 + 43*o**2 + 2*o - 1057. Is n(26) a prime number?
False
Let h(x) = -x**2 + 694*x - 137. Is h(62) a prime number?
True
Let m be 55896 + (-2 - (-8)/((-24)/(-6))). Suppose 13*n - m = -11*n. Is n composite?
True
Let m(h) = -4407*h - 878. Is m(-11) composite?
False
Suppose -853124 = -87*q + 1123348 - 671907. Is q a prime number?
False
Let i(l) = -l - 3. Let q = 3 - -4. Let n be i(q). Is ((-25)/n)/(2/212) composite?
True
Suppose 2*o = 2*w - 232862, -154170 = -w + 3*o - 37735. Is w a prime number?
False
Let f be (-1686)/(-4)*(-2240)/(-48). Suppose 3*p - 7087 - f = 0. Suppose 6*x + 3*x = p. Is x a composite number?
False
Suppose -5*g = -2*q - 2329893, 5*q = -4 - 16. Is g a composite number?
False
Suppose -3*x - 3 = -12. Suppose x*q + 5*o + 0 = 16, -4*q + 3*o = -2. Is q/(3*(-10)/(-4365)) a prime number?
False
Suppose 14*g - 66 = -19*g. Suppose -g*j = -j - 4*a - 1587, -3*j - 2*a + 4733 = 0. Is j prime?
True
Is ((-2)/(-6))/(((-133)/(-105))/19) + 62450 a composite number?
True
Let f(c) = -c**3 - 7*c**2 - c + 3. Let k be f(-7). Let h(l) = -2*l + 30. Let g be h(k). Suppose -12*y + g*y = -3874. Is y prime?
False
Let a = -152 - -154. Suppose -a*f + 5*p + 3669 = 0, -5*f + 10*f - 4*p - 9215 = 0. Is f a prime number?
True
Let n(w) = -295*w**3 + 2*w**2 - 4*w - 4. Let m(p) = p**3 - p**2 + p + 1. Let k(i) = 3*m(i) + n(i). Let s be ((-10)/(4 + 6))/1. Is k(s) a prime number?
False
Suppose -4*z + 3*r = -0*z - 24, -4*r = 16. Is (z + 16410/12)/((-1)/(-2)) a composite number?
False
Let g = -1 + -6. Let y(b) be the second derivative of 31*b**4/6 + 13*b**3/3 + 11*b**2/2 - 2320*b. Is y(g) a prime number?
False
Is (-5)/((-50)/(-20)) - (-134744 + -1 - 4) a composite number?
True
Suppose 4*w = 3*k - 115326 - 27780, -2*k = -3*w - 107329. Let l = -18530 - w. Is l prime?
False
Let g(u) = -7*u + 47. Let f be g(6). Let m(y) = -y**2 + 5*y + 4. Let n be m(f). Suppose r = -0*r + v + 1670, 6704 = n*r + 4*v. Is r composite?
True
Let n(o) = -2*o + 4 - 3*o - 14*o + 0*o. Let y be n(-2). Is (-7538)/(-14) + (-18)/y prime?
False
Let i(p) = p**2 + 19*p - 23. Let a = 43 - 43. Suppose 0*m + m - 20 = a. Is i(m) a composite number?
False
Let i = 86204 + 10749. Is i composite?
False
Let c(w) = -1. Let p(m) = 62*m - 24. Suppose -1 - 6 = 7*y. Let s(k) = y*p(k) + 5*c(k). Is s(-6) a composite number?
True
Let l(d) = -d**2 + 73*d + 349. Let k be l(77). Let b be (-2)/(-1 + (-1583)/(-1585)). Suppose k*j - 46*j + b = 0. Is j a prime number?
True
Suppose -7*q = -15*q + 288. Let n = q + -35. Is -2*(-2 + n - (-1750)/(-4)) prime?
True
Let t = 156484 - -315495. Is t a prime number?
False
Let l = 5509 - -940. Is l a prime number?
True
Suppose 15 = -t + 4*t, 0 = -k - t + 26. Suppose 4*j - k = -3*d, 0 - 12 = -j - 3*d. Suppose j*h = -2*l + 1678, l - 839 = -0*h + h. Is l a prime number?
True
Suppose 16 - 8 = 5*w - x, 2*w + x - 6 = 0. Suppose -5*f + 5*y - 776 + 14496 = 0, w*f + 4*y - 5470 = 0. Is f composite?
False
Let x be (-2)/(1*2/(-388)). Let z(l) = 46*l + 1663. Let d be z(-40). Let n = x + d. Is n a prime number?
True
Let k(q) = 4*q**2 - 22*q + 3. Let n be k(5). Let d(r) = -9*r + 2. Let c be d(n). Is (-8)/(-10) - (-42393)/c a prime number?
True
Suppose -9*y + 5*y + 18556 = 2*q, 0 = 5*y + 4*q - 23201. Is y a prime number?
True
Let b(v) = -27*v - 8. Let n be 104/18 + 32/144. Let h(t) = 54*t + 17. Let s(o) = n*h(o) + 11*b(o). Is s(13) a composite number?
True
Let y = -7 + 40. Suppose 4*u - d = -y, u - 5*u - 5*d = 51. Is (499 + u)*2*1 - 3 a prime number?
True
Suppose -l + 28*l - 1924929 = 18*l. Is l composite?
False
Let b be 36/84 + 522/7. Let m(a) = -b*a - 2 + 6*a - 30*a. Is m(-1) composite?
False
Is (19 + 656/(-32))/(6/(-7444)) composite?
False
Let k(h) = 1288*h - 188. Let i be k(-8). Let n = -4253 - i. Is n a prime number?
False
Suppose -4*t - 21 = -9*t - 4*f, 17 = 4*t + 3*f. Suppose -4*h + 6667 = -t*b, h - 5*b = -b + 1675. Is h prime?
True
Suppose 5*y = 45, 37*y - 42*y - 771050 = -5*h. Is h prime?
False
Let n(d) = d**2 + 7. Let f be n(0). Let o(h) = 9*h - h**2 + 22*h - f*h - 12. Is o(13) a prime number?
True
Suppose -1891882 - 159253 = -